

{"id":12141,"date":"2013-03-04T00:15:28","date_gmt":"2013-03-04T04:15:28","guid":{"rendered":"https:\/\/depto51.cl\/blog\/?page_id=12141"},"modified":"2013-03-04T16:54:09","modified_gmt":"2013-03-04T20:54:09","slug":"sobre-la-tienda","status":"publish","type":"page","link":"https:\/\/depto51.cl\/blog\/sobre-la-tienda\/","title":{"rendered":"Sobre la tienda"},"content":{"rendered":"<p>Buscamos por todo el mundo las mejores marcas y dise\u00f1adores para ofrecerte cosas incre\u00edbles para tu casa. Tambi\u00e9n trabajamos codo a codo con nuestros dise\u00f1adores chilenos favoritos y con tiendas especializadas para entregarte un cat\u00e1logo m\u00e1s amplio y en constante evoluci\u00f3n.<\/p>\n<p><strong>Nuestros partners<\/strong><\/p>\n<p>Amonona \u00b7 Artecnica \u00b7 Bengt &amp; Lotta \u00b7\u00a0 Brita Sweden \u00b7\u00a0 Casa Bonampak \u00b7\u00a0 C\u00f3modo \u00b7 Design Ideas \u00b7\u00a0 Ferm Living \u00b7\u00a0 Izola \u00b7\u00a0 Love Mae \u00b7\u00a0 Made in Mimbre \u00b7\u00a0 Minka \u00b7 Olika \u00b7 Omm Design \u00b7\u00a0 Oofelia \u00b7\u00a0 Paumes \u00b7\u00a0 Pelham \u00b7\u00a0 Present Time \u00b7\u00a0 Rob Ryan \u00b7\u00a0 RosenbergCPH \u00b7\u00a0 Sagaform \u00b7\u00a0 Voila<\/p>\n<p><strong>Pol\u00edticas de devoluci\u00f3n<\/strong><\/p>\n<p>Nuestra pol\u00edtica de cambio y devoluci\u00f3n se ajusta a la del SERNAC: Si el producto que compraste falla, tienes derecho a la garant\u00eda legal. Esta consiste en que tienes 3 meses para pedir el cambio del producto, la reparaci\u00f3n gratuita o la devoluci\u00f3n del dinero. Debes presentar tu boleta o comprobante de compra y los empaques originales.<\/p>\n<p><strong>Satisfacci\u00f3n garantizada Depto51<\/strong><\/p>\n<p>Aunque estamos 100% convencidos de la calidad de nuestros productos, es entendible que a veces uno no recibe lo que esperaba. Si el producto que compraste no cumpli\u00f3 con tus expectativas, te ofrecemos 5 d\u00edas h\u00e1biles para pedir la devoluci\u00f3n del dinero (en las mismas condiciones que lo recibiste y con despacho a cargo de Depto51).<\/p>\n","protected":false},"excerpt":{"rendered":"<p>Buscamos por todo el mundo las mejores marcas y dise\u00f1adores para ofrecerte cosas incre\u00edbles para tu casa. Tambi\u00e9n trabajamos codo a codo con nuestros dise\u00f1adores chilenos favoritos y con tiendas especializadas para entregarte un cat\u00e1logo m\u00e1s amplio y en constante evoluci\u00f3n. Nuestros partners Amonona \u00b7 Artecnica \u00b7 Bengt &amp; Lotta \u00b7\u00a0 Brita Sweden \u00b7\u00a0 Casa&#8230;<\/p>\n","protected":false},"author":1,"featured_media":0,"parent":0,"menu_order":0,"comment_status":"open","ping_status":"open","template":"","meta":[],"acf":[],"_links":{"self":[{"href":"https:\/\/depto51.cl\/blog\/wp-json\/wp\/v2\/pages\/12141"}],"collection":[{"href":"https:\/\/depto51.cl\/blog\/wp-json\/wp\/v2\/pages"}],"about":[{"href":"https:\/\/depto51.cl\/blog\/wp-json\/wp\/v2\/types\/page"}],"author":[{"embeddable":true,"href":"https:\/\/depto51.cl\/blog\/wp-json\/wp\/v2\/users\/1"}],"replies":[{"embeddable":true,"href":"https:\/\/depto51.cl\/blog\/wp-json\/wp\/v2\/comments?post=12141"}],"version-history":[{"count":0,"href":"https:\/\/depto51.cl\/blog\/wp-json\/wp\/v2\/pages\/12141\/revisions"}],"wp:attachment":[{"href":"https:\/\/depto51.cl\/blog\/wp-json\/wp\/v2\/media?parent=12141"}],"curies":[{"name":"wp","href":"https:\/\/api.w.org\/{rel}","templated":true}]}}